-12364
In base 14, what is -d - -18069?
1805a
In base 5, what is -34212 + 331?
-33331
In base 7, what is 613101 - 5?
613063
In base 8, what is 55 - -207?
264
In base 11, what is -a2 - 2a43?
-3035
In base 4, what is -3 + -113232301?
-113232310
In base 2, what is -11000101 + -11100010?
-110100111
In base 13, what is 4 - -163b4?
163b8
In base 6, what is 2 + -143144?
-143142
In base 8, what is -3663 + -142?
-4025
In base 6, what is -200 - 3410?
-4010
In base 2, what is -1000001100010101 - -11011?
-1000001011111010
In base 8, what is 13 - -1243041?
1243054
In base 3, what is -101012011110 - -102?
-101012011001
In base 6, what is 0 - 104113?
-104113
In base 14, what is -2ca194 - 2?
-2ca196
In base 12, what is -9b07 - 64?
-9b6b
In base 14, what is -13 - 278?
-28b
In base 16, what is 2 + -ed03?
-ed01
In base 14, what is 15da5 - 0?
15da5
In base 11, what is 15a6 - 19?
1588
In base 14, what is -545d - 2?
-5461
In base 3, what is -12110222 + 12021?
-12021201
In base 4, what is 0 - -12323023203?
12323023203
In base 6, what is 2 - 103303?
-103301
In base 10, what is 4 + -1493423?
-1493419
In base 3, what is 221 - -10101210120?
10101211111
In base 3, what is 202022020012 - 11?
202022020001
In base 4, what is 213202 + 3112?
222320
In base 4, what is -2001 + 110111?
102110
In base 10, what is -359 + -324?
-683
In base 13, what is -542c - 5?
-5434
In base 15, what is 1505c - -3?
15060
In base 5, what is 240322 + -13?
240304
In base 7, what is 316335 + -1?
316334
In base 11, what is 290418 - -4?
290421
In base 6, what is 2453 + -35?
2414
In base 7, what is 43351554 + -1?
43351553
In base 16, what is -4 + c514?
c510
In base 9, what is -184008 - 32?
-184041
In base 13, what is 47 - -1584?
15cb
In base 12, what is -6291 - -24?
-6269
In base 10, what is -2353372 + -2?
-2353374
In base 9, what is -1061 + 116?
-844
In base 3, what is -10010202 - 0?
-10010202
In base 13, what is 5 - -23c367?
23c36c
In base 15, what is 5 - 11bd?
-11b8
In base 15, what is -99b - 189?
-b35
In base 7, what is 2601 - -13?
2614
In base 2, what is 11 - -100111101010101?
100111101011000
In base 10, what is -275776 + -4?
-275780
In base 12, what is -527a2 - -19?
-52785
In base 5, what is -103 + -44?
-202
In base 10, what is -959 - 3031?
-3990
In base 12, what is 98 + 10b7a?
11056
In base 8, what is -2 + -61173?
-61175
In base 7, what is 21 - 20230?
-20206
In base 5, what is -21031 + 20003?
-1023
In base 4, what is -3331303 + -10?
-3331313
In base 10, what is -107559 - 2?
-107561
In base 8, what is 1206 - -741?
2147
In base 14, what is 2b + -82?
-55
In base 6, what is 32 + -1155341?
-1155305
In base 8, what is -2666 + 322?
-2344
In base 14, what is -332a78 - -2?
-332a76
In base 4, what is 223 - 1023321?
-1023032
In base 8, what is 5460 - 1056?
4402
In base 11, what is 335364 - -1?
335365
In base 4, what is 2 - 1130111?
-1130103
In base 14, what is -59bb - 1c?
-59d9
In base 2, what is -1 + -1101110001101110?
-1101110001101111
In base 16, what is 11 - -f?
20
In base 2, what is 11 - 1011110111000000000?
-1011110110111111101
In base 8, what is 433 + -1122?
-467
In base 15, what is 2 - -28d52?
28d54
In base 4, what is -30123 - 313221?
-1010010
In base 5, what is 1110 + -300?
310
In base 9, what is -1467 - 45?
-1523
In base 4, what is -132213 - -30?
-132123
In base 9, what is -1 + -17625?
-17626
In base 9, what is -16 + 4013?
3886
In base 12, what is -1084 - -1153?
8b
In base 5, what is -122004044 + 2?
-122004042
In base 12, what is -16a71a - 1?
-16a71b
In base 2, what is -101110100011011 + -110?
-101110100100001
In base 4, what is 3223120310 - 1?
3223120303
In base 10, what is -22 + -72923?
-72945
In base 5, what is -201020403 - 2?
-201020410
In base 3, what is -112100121 + 1?
-112100120
In base 5, what is -423220 + -442?
-424212
In base 10, what is 14 - 14790?
-14776
In base 10, what is 1 + -17680?
-17679
In base 10, what is -7877 - -326?
-7551
In base 12, what is a296 + 3?
a299
In base 2, what is -10101010 - -111010?
-1110000
In base 12, what is b5338 - -2?
b533a
In base 8, what is 6355 + 272?
6647
In base 3, what is 222120 + 12002?
1011122
In base 7, what is 52211245 + 1?
52211246
In base 13, what is 5 + -a252?
-a24a
In base 15, what is -35 + -568?
-59d
In base 3, what is -22002 - -1?
-22001
In base 2, what is 10010001 + 101111110?
1000001111
In base 15, what is 7d4 - -92?
876
In base 15, what is -3 + -cb372?
-cb375
In base 6, what is -1012353 - -3?
-1012350
In base 7, what is -21025 - -40?
-20655
In base 16, what is f9e1 + 4?
f9e5
In base 14, what is 1b + 2d7b2?
2d7cd
In base 9, what is -100402 - -41?
-100351
In base 2, what is -111001000001100100 + 1?
-111001000001100011
In base 3, what is -12200112001 - 12?
-12200112020
In base 14, what is 4b09b9 - -5?
4b09c0
In base 7, what is -13221 + 0?
-13221
In base 15, what is -5 + ce38e?
ce389
In base 6, what is 5 - 525313?
-525304
In base 6, what is -140 - 3032?
-3212
In base 4, what is -103 - -11100020?
11033311
In base 3, what is -2022020000 - 1102?
-2022021102
In base 4, what is 122130 - -32?
122222
In base 14, what is -3a12 - -c?
-3a04
In base 6, what is 5533200 - 1?
5533155
In base 3, what is -121002 - -1012?
-112220
In base 12, what is -160b9 + 5?
-160b4
In base 12, what is -6 + b07a?
b074
In base 4, what is -1321303 - -13?
-1321230
In base 11, what is -11a86a + -4?
-11a873
In base 7, what is -33 - 16135?
-16201
In base 14, what is 7b5a - -1?
7b5b
In base 5, what is -2123 + -432?
-3110
In base 6, what is -253 + -1222?
-1515
In base 13, what is 6 - 59a79?
-59a73
In base 5, what is -44 - 1123023?
-1123122
In base 13, what is -1a31c + 6?
-1a316
In base 8, what is 1744315 - -20?
1744335
In base 4, what is -320101132 + -10?
-320101202
In base 12, what is 6 + 165b?
1665
In base 2, what is 100 + 11110000010?
11110000110
In base 3, what is 12002 - -2212200?
10001202
In base 6, what is 542443 - 12?
542431
In base 5, what is -100 + -103?
-203
In base 13, what is -7296 - 0?
-7296
In base 6, what is 13 - 10352?
-10335
In base 3, what is -2 + 1122102212?
1122102210
In base 10, what is -570 - -157?
-413
In base 7, what is -5 + -1061?
-1066
In base 8, what is 114255 - 2?
114253
In base 13, what is -27a1 - -11?
-2790
In base 4, what is 122 - -301133?
301321
In base 14, what is -4 - -17d3?
17cd
In base 13, what is -3951 - -24c?
-3702
In base 4, what is -1 + -2330123?
-2330130
In base 10, what is 3 - 33419?
-33416
In base 8, what is -10 + 14135?
14125
In base 3, what is -102100212 + -120?
-102101102
In base 8, what is 4305 + -14?
4271
In base 2, what is 101 + -101111000010110?
-101111000010001
In base 6, what is 251 + 11534?
12225
In base 8, what is 12 - 146265?
-146253
In base 4, what is 112312200 + -20?
112312120
In base 15, what is -9d7 - -ca?
-90c
In base 14, what is -12140 + -3?
-12143
In base 13, what is -414 - 224?
-638
In base 16, what is 4033 + -2?
4031
In base 15, what is -1a726 + -3?
-1a729
In base 14, what is -d - -a3?
94
In base 2, what is 11 + -10011101010101010?
-10011101010100111
In base 2, what is -11001 + -1010001100?
-1010100101
In base 9, what is -3 + 341677?
341674
In base 2, what is 1 - -11111100100111000001?
11111100100111000010
In base 5, what is -122200304 + -1?
-122200310
In base 15, what is -7b8 - 4c?
-815
In base 2, what is -11100001100101 - 1111111?
-11100011100100
In base 4, what is 2023 + 11132?
13221
In base 7, what is -4 - 2515?
-2522
In base 4, what is 3 + 12220210?
12220213
In base 10, what is -7 - 34387?
-34394
In base 11, what is 11a86 - -3?
11a89
In base 2, what is -100000100 + -1011?
-100001111
In base 16, what is -4ef3 + 8?
-4eeb
In base 7, what is -4003 - -30?
-3643
In base 12, what is -3 + -3b838?
-3b83b
In base 6, what is 24 - -24244?
24312
In base 11, what is -619a7 - 2?
-619a9
In base 12, what is -101 - -84b4?
83b3
In base 12, what is 21423 - 5?
2141a
In base 12, what is -5 - -15a380?
15a377
In base 3, what is 2010201212002 - -10?
2010201212012
In base 8, what is 1 - 265336?
-265335
In base 6, what is 24 + 34054?
34122
In base 7, what is -4 + -10355?
-10362
In base 9, what is -10 - -25606?
25586
In base 7, what is 4 + -13?
-6
In base 14, what is 40 - -b5dc?
b63c
In base 14, what is 1 - -130?
131
In base 6, what is -1315212 + 4?
-1315204
In base 5, what is 30320 + 1001?
31321
In base 9, what is 30 + 2217?
2247
In ba